et v be d(-2). Let i be v/6*(1 - -1). Calculate z(i).
2
Let d(o) = -2*o - 3*o + o**2 + 5 - o. Suppose -2*g = 3*r + g - 6, -4*r - 3*g = -12. Determine d(r).
5
Let b(u) = -7*u**3 + 3*u**2 - 2*u + 2. Let d(q) = 11*q**3 - 4*q**2 + 3*q - 3. Let z(y) = -8*b(y) - 5*d(y). Give z(4).
3
Let w(h) = -h**3 + 3*h**3 - 3*h**3 + 0*h + h. Determine w(1).
0
Let a(k) = 5*k**3 - 12*k**2 + 1. Let j(d) = -3*d**3 + 8*d**2 - 1. Let n(l) = -5*a(l) - 8*j(l). What is n(-3)?
-6
Let z(d) = -2 + 6*d + 2. Suppose -3*v + 30 = 2*p - 0*p, 4*v = -p + 35. Suppose -5*s + 3 = v. What is z(s)?
-6
Let h = 33 - 18. Suppose h = -5*l + 10. Let q(t) = t**3 - t**2 - t + 1. Let g(a) = -5*a**2 - 5*a + 6. Let f(b) = g(b) - 6*q(b). Give f(l).
6
Let t be 0*((-6)/(-2))/9. Let s(n) = n - 8. What is s(t)?
-8
Let j(a) = a**3 - 1. Let n(b) = -4*b**2 - 2*b + 2. Let u(s) = j(s) + n(s). Give u(4).
-7
Suppose -v - 3 + 7 = 0. Let t(p) be the first derivative of -p + 7 + 1/3*p**3 - p**2. Give t(v).
7
Suppose 0*x - k = -x, 0 = 5*x - 4*k - 2. Suppose 0 = -4*q - m + 13, 0 = 5*q + 3*m - 2*m - 16. Let f(z) = z**q + 4 - 2 + 4*z**x + 1. Determine f(-4).
3
Let h = 21 - 15. Let r(q) = -q**3 + 6*q**2 - 8 - 2*q + 6*q - 3*q. What is r(h)?
-2
Let a(o) = 3*o**2 + 3*o + 2. Let h(l) = -3*l**2 - 2*l - 1. Let s(m) = -2*a(m) - 3*h(m). Give s(-2).
11
Let v(c) = 4*c**2 - 9*c - 8. Let k(t) = -t**2 + 1. Let i(y) = 6*k(y) + v(y). Calculate i(-6).
-20
Let b(r) = 4*r. Let z(a) = -3*a - 1. Let p(t) = -2*b(t) - 3*z(t). Calculate p(-6).
-3
Let o = -2 + 2. Let f(q) be the first derivative of -q**5/60 - 7*q**3/6 + 3*q**2 - 5. Let t(m) be the second derivative of f(m). Calculate t(o).
-7
Let v = -5 - 1. Suppose 2*k + 2*c - 46 = -3*k, 42 = 4*k - c. Let s(t) = -4*t - 3. Let p(i) = -7*i - 6. Let l(g) = k*s(g) + v*p(g). Give l(-5).
-4
Let a(s) = s**2 + 2*s. Let q be a(-3). Let i(v) be the second derivative of -v**4/12 + v**3 - 3*v**2/2 + 2*v. What is i(q)?
6
Let k(x) be the second derivative of -x**5/20 + 5*x**4/4 - 5*x**3/2 + 19*x**2/2 + 18*x. Give k(14).
5
Let w(z) = z + 4. Let q(o) = -3*o - 11. Let l(r) = -2*r**2 + r**3 + 4*r**3 + 0*r**2 - r**3 + 1. Let t be l(1). Let n(y) = t*q(y) + 8*w(y). Calculate n(-4).
3
Suppose 0*p + 2 = -2*p. Let o be (0/(-2) + p)/1. Let l(x) = 8*x**3 + 2*x**2 + 2*x + 1. Calculate l(o).
-7
Let f(s) = -2*s + 3*s + 0*s - 12. Let t = -293 + 298. Determine f(t).
-7
Let g(p) = p**3 + 4*p**2 - 4*p + 1. Suppose 3*o - 5*o = 4. Let l be o/((2/(-5))/(-1)). What is g(l)?
-4
Suppose 5 = -b - s, 0 = -5*b + 4*s - 3*s - 31. Let w(l) = 4*l + 9. Calculate w(b).
-15
Let t(v) = -2*v - 5. Let m(n) = -n**3 + 4*n**2 + 3. Let x be m(4). Suppose -7*f + 12 = -x*f, -27 = 3*i - 5*f. Calculate t(i).
3
Suppose -3*b - 3*p = -2*p - 5, 2*b - p + 5 = 0. Let d(w) = w**2 - 2*w + 6*w**3 + 0*w - 1 + b*w + 2. Determine d(1).
6
Suppose -3*a = -0*a - 9, -5*r = 2*a + 19. Suppose -4 = -x - x. Let p(q) = -5*q + q**2 + 5 - 2*q**x + 0. What is p(r)?
5
Let x(z) = 4*z**3 + 24*z**2 - z + 3. Let b(r) = r**3 + 6*r**2 + 1. Let i(q) = -9*b(q) + 2*x(q). What is i(-6)?
9
Let i = 197 - 202. Let j(r) = -r**2 - 3*r - 7. Calculate j(i).
-17
Let j(v) = -1. Let n(k) = -k + 12. Let f(w) = 6*j(w) + n(w). What is f(10)?
-4
Let v be 0 + (-2 - (2 + -5)). Let c(b) = 3*b. Let n be c(v). Let q(j) = -j**2 + j + 3. Let h be q(n). Let w(y) = y**2 + 4*y + 3. Determine w(h).
0
Suppose -3*z = 2*z - 15. Let j(s) = 6*s**3 - 2*s**2 - 6*s - 7. Let u(x) = 5*x**3 - 2*x**2 - 5*x - 6. Let y = -8 - -3. Let h(w) = y*u(w) + 4*j(w). Give h(z).
-4
Suppose 5*i - 4 = 16. Suppose -t = i*t. Suppose t*v = 3*v - 9. Let b(d) = d**3 - 4*d**2 - d + 3. Give b(v).
-9
Let a(m) be the second derivative of m**3/6 + 3*m**2/2 - 10*m. Calculate a(-3).
0
Suppose 4*j - 1 = 5*j. Let i(c) be the first derivative of -c**6/90 + c**5/120 - c**3/3 - 1. Let m(u) be the third derivative of i(u). What is m(j)?
-5
Let p(v) = 6*v + v**3 + 5 + 4*v**2 + 0*v**3 + v**2. Suppose l = 2*l + y + 6, -y = -2*l - 6. What is p(l)?
-3
Let p be 28/21*(-4 + 1). Let z(u) = -u**3 - 4*u**2 - u - 4. Give z(p).
0
Let d(l) = -11*l + 5. Let o(z) be the third derivative of 7*z**4/24 - z**3/2 + 3*z**2. Let s(i) = 5*d(i) + 8*o(i). Give s(-3).
-2
Let l(h) be the first derivative of -2 + 3/2*h**2 + 4/3*h**3 + 1/4*h**4 + 3*h. Give l(-3).
3
Let r(w) = -w**2 + w - 1. Let c be -1 + -1 - (7 + -12). Suppose 5*a = q, -2*q - c*q = 5*a. Calculate r(a).
-1
Let x(u) = -2*u**3 + 2*u**2 + u - 1. Let g(m) = m**3 + 1. Let r(l) = -3*g(l) - x(l). Let b = 76 + -78. What is r(b)?
0
Let a(p) = -11*p**3 + p**2. Let w be (-3 + 2)*(-1 - -2). Give a(w).
12
Let l(w) = -w**3 + 2*w**2 + 2. Let h be l(2). Let n(q) = -q**2 + q**2 + q + 3 + 3*q**2 - 5*q. What is n(h)?
7
Let d be -1 - ((3 - 8) + -5). Let c(s) = s**3 - 10*s**2 + 9*s - 1. Determine c(d).
-1
Let c(i) = i**3 - 2. Let m(a) = a**3 - 1 + a - a + a**2. Let q be m(-1). Let l(d) = 1. Let h(v) = q*c(v) - 2*l(v). Determine h(0).
0
Let g = -49 - -29. Let k be (-2)/(-5) - (-108)/g. Let d(m) = -m - 7. Determine d(k).
-2
Let r(i) be the first derivative of -i**4/4 - 8*i**3/3 - 5*i**2 - 6*i - 36. Calculate r(-7).
15
Let p(u) = -u**3 + u**2 + u - 1. Let l(b) = 4*b**3 - b**2 + b + 2. Let x(g) = l(g) + p(g). Give x(-1).
-4
Let z(l) = -l + 2. Let r(a) = a + 1. Let v(c) = 57*c + 18. Let q(o) = 18*r(o) - v(o). Let w be q(1). Let x be w/(-9) - 6/(-9). Give z(x).
-3
Let w(k) = k**2 - 8*k + 7. Let n be w(7). Suppose -3 = -3*h + 3*b - 0, h - 3*b - 3 = n. Let r(x) = 4*x - x**2 + h*x**2 - 3*x + 2 - 6*x. Determine r(-4).
6
Let a(w) = -w**3 + w**2 - 2*w - 1. Let i be (2 - -4) + -4 + 1. What is a(i)?
-25
Let m(z) be the first derivative of z**3 + z**2 - 2*z + 17. Give m(2).
14
Let m(f) = 2*f**3 - f + 3*f**2 - f**2 + 0*f + 1. Determine m(-2).
-5
Let t(p) = -p + 4 + 0 - 3. Let m be t(2). Let a(x) = -x**3 - 3*x**2 - x - 2. Let b(q) = 5*q**3 + 13*q**2 + 4*q + 9. Let l(c) = 9*a(c) + 2*b(c). What is l(m)?
-1
Let r(w) = w**3 + 4*w**2 - 1. Let y be 30/105 + (-93)/7. Let f(a) = a**2 + 12*a - 15. Let j be f(y). Determine r(j).
7
Let u(l) = 6*l**3 - 1. Let x be 39/15 - (-3)/(-5). Suppose 2*a = 4*s + x, -s - 2*a - 11 = -6*a. Suppose d = -2 + s. Give u(d).
-7
Suppose -5*i = 2*z - 31, 4*z + 0*z - 17 = -i. Let g(f) = -f**3 + 4*f**2 + 3*f + 5. Determine g(i).
-5
Let j be (-1)/(-2) + 10/4. Let o = 3 - j. Suppose -6*r + 3*r + 9 = o. Let d(h) = h**3 - 3*h**2 + h. What is d(r)?
3
Let d(l) = -l**2 + 3*l + 2. Suppose -2*j - 3*y - y = -2, 4*j = -2*y + 10. Let f be d(j). Let t(w) = 2*w**3 - 2*w**2 + 3*w - 3. What is t(f)?
11
Suppose -4*j = -3*j - 1. Let d(x) = -11*x - 5. Let v(c) = -12*c - 6. Let a(u) = 7*d(u) - 6*v(u). Give a(j).
-4
Let j(h) = -h**2 - 8*h - 6. Let l(p) = 2*p**2 + 15*p + 11. Let i(v) = 5*j(v) + 3*l(v). Suppose -4*g - f - 22 = 0, -4*g = 3*f + 1 + 17. Calculate i(g).
9
Let v be 2*(2 + (-3)/6). Let x(z) = -4*z**2 + 8*z + 1. Let f(c) = -3*c**2 + 7*c + 1. Let k(a) = v*f(a) - 2*x(a). Give k(5).
1
Let s(j) = 4*j**3 - j. Suppose 3*b - 6 = -0. Suppose 2 = -4*i - b*c, 12 - 1 = -4*i - 5*c. Determine s(i).
3
Let w(t) be the third derivative of -t**6/120 + 3*t**5/20 - 3*t**4/8 - 9*t**2. Give w(8).
-8
Let t(f) = 28*f - 3. Let m(c) = -42*c + 5. Let b(z) = -5*m(z) - 8*t(z). Calculate b(-2).
27
Let w(k) be the second derivative of -2*k**3/3 + 27*k. What is w(2)?
-8
Let v(x) = 4*x + 1. Let q = 25 - 26. What is v(q)?
-3
Let m(o) = -1. Let f(q) = 2*q - 9. Let z(i) = -f(i) + 4*m(i). Let w = 10 + -5. Calculate z(w).
-5
Let y(t) = 7*t**2 + 2 - 6*t**2 - 3 - 8*t**3. Let u(z) = z - 5. Let l be u(6). Calculate y(l).
-8
Let c(y) = y**3 + 7*y**2 + 7*y + 4. Suppose 2*z = 5*s + 38, -z = 5*s - 1 + 27. Determine c(s).
-2
Let s(y) be the first derivative of y**3 - 4 + 6 + 2*y**2 - 3*y - 5. Let w(t) = -7*t**2 - 8*t + 7. Let o(l) = 9*s(l) + 4*w(l). Calculate o(3).
4
Let u = 2 + 0. Let f(q) = 5*q**2 + 1 - u*q + q**3 - 5*q**2. Suppose -4*z - d - 4 = 0, z - 6*d = -3*d - 14. Determine f(z).
-3
Let a(x) = -x**2 - 3*x + 5. Let b(y) = y**2 - 2*y - 4. Let v be b(4). Let r(c) = c**3 + 12*c**2 + 11*c. Let m be r(-11). Let i = m - v. Calculate a(i).
1
Let y(z) be the first derivative of -11*z**4/4 + 2*z**3/3 - z + 7. Determine y(1).
-10
Let w(t) = -t**2 - 6*t - 2. Let d = -63 - -58. What is w(d)?
3
Let i(a) = 10*a + 3*a - 3 - 14*a + 9. Calculate i(0).
6
Let a(z) = z**2 - z - 5. Let p = 1 - 1. Wh